{"id":402,"date":"2023-03-27T16:03:05","date_gmt":"2023-03-27T09:03:05","guid":{"rendered":"http:\/\/ltadigital.info\/?page_id=402"},"modified":"2023-04-06T14:58:00","modified_gmt":"2023-04-06T07:58:00","slug":"cloud-server","status":"publish","type":"page","link":"https:\/\/ltadigital.com\/index.php\/cloud-server\/","title":{"rendered":"Cloud server"},"content":{"rendered":"\n<p style=\"text-align: justify;\">Elastic Compute Service (ECS) cung c\u1ea5p b\u1ed9 nh\u1edb nhanh v\u00e0 CPU m\u1edbi nh\u1ea5t \u0111\u1ec3 gi\u00fap b\u1ea1n t\u0103ng s\u1ee9c m\u1ea1nh cho c\u00e1c \u1ee9ng d\u1ee5ng \u0111\u00e1m m\u00e2y c\u1ee7a m\u00ecnh v\u00e0 \u0111\u1ea1t \u0111\u01b0\u1ee3c k\u1ebft qu\u1ea3 nhanh h\u01a1n v\u1edbi \u0111\u1ed9 tr\u1ec5 th\u1ea5p.<\/p>\n\n\n\n<p style=\"text-align: justify;\">Tri\u1ec3n khai c\u00e1c phi\u00ean b\u1ea3n ECS ch\u1ec9 b\u1eb1ng v\u00e0i c\u00fa nh\u1ea5p chu\u1ed9t t\u1eeb b\u1ea3ng \u0111i\u1ec1u khi\u1ec3n d\u1ec5 s\u1eed d\u1ee5ng v\u00e0 t\u0103ng ho\u1eb7c gi\u1ea3m quy m\u00f4 c\u00f4ng su\u1ea5t d\u1ef1a tr\u00ean nhu c\u1ea7u th\u1eddi gian th\u1ef1c.<\/p>\n\n\n\n<p style=\"text-align: justify;\"><strong>T\u1ea1i sao ch\u1ecdn ECS?<\/strong><\/p>\n\n\n\n<p style=\"text-align: justify;\">ECS cung c\u1ea5p c\u00e1c l\u1ee3i th\u1ebf c\u1ea1nh tranh sau:<\/p>\n\n\n\n<ul class=\"wp-block-list\" style=\"text-align: justify;\">\n<li>Gi\u00fap b\u1ea1n tr\u00e1nh ph\u1ea3i \u0111\u1ea7u t\u01b0 tr\u1ea3 tr\u01b0\u1edbc v\u00e0o c\u01a1 s\u1edf h\u1ea1 t\u1ea7ng CNTT c\u00f3 th\u1ec3 b\u1ecb r\u00e0ng bu\u1ed9c trong nhi\u1ec1u n\u0103m.<\/li>\n\n\n\n<li>Cung c\u1ea5p m\u00f4i tr\u01b0\u1eddng \u0111i\u1ec7n to\u00e1n \u1ea3o (\u0111\u01b0\u1ee3c g\u1ecdi l\u00e0 phi\u00ean b\u1ea3n) trong v\u00e0i ph\u00fat, cho ph\u00e9p b\u1ea1n nhanh ch\u00f3ng thi\u1ebft l\u1eadp v\u00e0 b\u1eaft \u0111\u1ea7u ph\u00e1t tri\u1ec3n ho\u1eb7c tri\u1ec3n khai c\u00e1c \u1ee9ng d\u1ee5ng c\u1ee7a m\u00ecnh.<\/li>\n\n\n\n<li>K\u1ebft n\u1ed1i v\u1edbi m\u1ea1ng l\u01b0\u1edbi to\u00e0n c\u1ea7u g\u1ed3m c\u00e1c trung t\u00e2m d\u1eef li\u1ec7u d\u1ef1a tr\u00ean Border Gateway Protocol (BGP) v\u00e0 kh\u00f4ng d\u1ef1a tr\u00ean BGP, cho ph\u00e9p b\u1ea1n tri\u1ec3n khai c\u00e1c \u1ee9ng d\u1ee5ng c\u1ee7a m\u00ecnh \u1edf m\u1ecdi n\u01a1i tr\u00ean th\u1ebf gi\u1edbi.<\/li>\n\n\n\n<li>Cung c\u1ea5p n\u0103ng l\u1ef1c t\u00ednh to\u00e1n theo y\u00eau c\u1ea7u v\u1edbi gi\u00e1 c\u1ea3 minh b\u1ea1ch v\u00e0 cho ph\u00e9p b\u1ea1n m\u1edf r\u1ed9ng quy m\u00f4 v\u00e0o ho\u1eb7c ra \u0111\u1ec3 \u0111\u00e1p \u1ee9ng y\u00eau c\u1ea7u kinh doanh c\u1ee7a m\u00ecnh.<\/li>\n\n\n\n<li>Cung c\u1ea5p nhi\u1ec1u phi\u00ean b\u1ea3n kh\u00e1c nhau nh\u01b0 phi\u00ean b\u1ea3n t\u0103ng t\u1ed1c GPU, phi\u00ean b\u1ea3n t\u0103ng t\u1ed1c FPGA, phi\u00ean b\u1ea3n bare metal ECS v\u00e0 phi\u00ean b\u1ea3n d\u1ef1a tr\u00ean x86 \u0111\u1ec3 gi\u00fap \u0111\u1ea1t \u0111\u01b0\u1ee3c c\u00e2n b\u1eb1ng \u0111i\u1ec7n to\u00e1n, b\u1ed9 nh\u1edb, l\u01b0u tr\u1eef v\u00e0 m\u1ea1ng t\u1ed1i \u01b0u cho kh\u1ed1i l\u01b0\u1ee3ng c\u00f4ng vi\u1ec7c c\u1ee7a b\u1ea1n.<\/li>\n\n\n\n<li>K\u1ebft n\u1ed1i v\u1edbi nhi\u1ec1u d\u1ecbch v\u1ee5 Alibaba Cloud kh\u00e1c qua m\u1ea1ng n\u1ed9i b\u1ed9, cho ph\u00e9p b\u1ea1n x\u00e2y d\u1ef1ng c\u00e1c gi\u1ea3i ph\u00e1p \u0111a d\u1ea1ng cho m\u1ed9t lo\u1ea1t c\u00e1c t\u00ecnh hu\u1ed1ng trong khi ti\u1ebft ki\u1ec7m b\u0103ng th\u00f4ng c\u00f4ng c\u1ed9ng ra ngo\u00e0i.<\/li>\n\n\n\n<li>T\u1eadn d\u1ee5ng m\u1ed9t lo\u1ea1t c\u00e1c t\u00ednh n\u0103ng b\u1ea3o m\u1eadt nh\u01b0 t\u01b0\u1eddng l\u1eeda \u1ea3o, ki\u1ec3m so\u00e1t quy\u1ec1n d\u1ef1a tr\u00ean vai tr\u00f2, c\u00e1ch ly m\u1ea1ng n\u1ed9i b\u1ed9, b\u1ea3o v\u1ec7 ch\u1ed1ng vi-r\u00fat v\u00e0 gi\u00e1m s\u00e1t l\u01b0u l\u01b0\u1ee3ng truy c\u1eadp \u0111\u1ec3 b\u1ea3o v\u1ec7 d\u1eef li\u1ec7u v\u00e0 t\u00e0i nguy\u00ean, c\u0169ng nh\u01b0 c\u1ea3i thi\u1ec7n v\u1ecb th\u1ebf b\u1ea3o m\u1eadt c\u1ee7a b\u1ea1n.<\/li>\n\n\n\n<li>\u0110i k\u00e8m v\u1edbi m\u1ed9t khung gi\u00e1m s\u00e1t hi\u1ec7u su\u1ea5t v\u00e0 m\u1ed9t h\u1ec7 th\u1ed1ng O&amp;M ho\u1ea1t \u0111\u1ed9ng.<\/li>\n\n\n\n<li>Cung c\u1ea5p c\u00e1c API \u0111\u01b0\u1ee3c ti\u00eau chu\u1ea9n h\u00f3a ho\u1ea1t \u0111\u1ed9ng v\u1edbi t\u00e0i nguy\u00ean Alibaba Cloud v\u00e0 m\u1ed9t s\u1ed1 t\u00e0i nguy\u00ean c\u1ee7a b\u00ean th\u1ee9 ba.<\/li>\n<\/ul>\n\n\n\n<p style=\"text-align: justify;\">\u0110\u1ec3 bi\u1ebft th\u00eam th\u00f4ng tin v\u1ec1 l\u1ee3i \u00edch c\u1ee7a ECS, h\u00e3y xem <a href=\"https:\/\/www.alibabacloud.com\/help\/en\/elastic-compute-service\/latest\/product-introduction-benefits#concept-c1y-bp2-vdb\">T\u00ecnh hu\u1ed1ng l\u1ee3i \u00edch<\/a> v\u00e0 <a href=\"https:\/\/www.alibabacloud.com\/help\/en\/elastic-compute-service\/latest\/scenarios#topic-9547\">s\u1eed d\u1ee5ng<\/a>.<\/p>\n\n\n\n<p style=\"text-align: justify;\"><strong>Ki\u1ebfn tr\u00fac d\u1ecbch v\u1ee5 c\u1ee7a ECS<\/strong><\/p>\n\n\n\n<p style=\"text-align: justify;\">ECS cung c\u1ea5p c\u00e1c t\u00ednh n\u0103ng v\u00e0 th\u00e0nh ph\u1ea7n kh\u00e1c nhau, bao g\u1ed3m phi\u00ean b\u1ea3n, h\u00ecnh \u1ea3nh, nh\u00f3m b\u1ea3o m\u1eadt v\u00e0 thi\u1ebft b\u1ecb L\u01b0u tr\u1eef kh\u1ed1i \u0111\u00e0n h\u1ed3i (EBS), \u0111\u1ec3 s\u1eed d\u1ee5ng trong c\u00e1c m\u1ea1ng kh\u00e1c nhau. H\u00ecnh d\u01b0\u1edbi \u0111\u00e2y cho th\u1ea5y ki\u1ebfn tr\u00fac d\u1ecbch v\u1ee5 c\u1ee7a ECS. \u0110\u1ec3 bi\u1ebft th\u00f4ng tin v\u1ec1 c\u00e1c t\u00ednh n\u0103ng v\u00e0 th\u00e0nh ph\u1ea7n \u0111\u01b0\u1ee3c hi\u1ec3n th\u1ecb trong h\u00ecnh, h\u00e3y xem <a href=\"https:\/\/www.alibabacloud.com\/help\/en\/elastic-compute-service\/latest\/terms#concept-2087383\">\u0110i\u1ec1u kho\u1ea3n<\/a>.<\/p>\n\n\n\n<p style=\"text-align: justify;\">\u0110\u1ec3 bi\u1ebft th\u00eam th\u00f4ng tin, h\u00e3y truy c\u1eadp <a href=\"https:\/\/www.alibabacloud.com\/product\/ecs\" target=\"_blank\" rel=\"noreferrer noopener\">trang s\u1ea3n ph\u1ea9m Elastic Compute Service<\/a>.<\/p>\n\n\n\n<figure class=\"wp-block-image size-large\" style=\"text-align: justify;\"><img decoding=\"async\" src=\"https:\/\/help-static-aliyun-doc.aliyuncs.com\/assets\/img\/en-US\/4444196261\/p85840.png\" alt=\"WhatIsEcs-Orange-Renminbi\" \/><\/figure>\n\n\n\n<p style=\"text-align: justify;\"><strong>Thanh to\u00e1n cho ECS<\/strong><\/p>\n\n\n\n<p style=\"text-align: justify;\">Trong ECS, t\u00e0i nguy\u00ean \u0111i\u1ec7n to\u00e1n (vCPU v\u00e0 b\u1ed9 nh\u1edb), h\u00ecnh \u1ea3nh, thi\u1ebft b\u1ecb EBS, b\u0103ng th\u00f4ng c\u00f4ng c\u1ed9ng v\u00e0 b\u1ea3n k\u1ebft xu\u1ea5t nhanh l\u00e0 nh\u1eefng t\u00e0i nguy\u00ean m\u00e0 b\u1ea1n c\u1ea7n ph\u1ea3i tr\u1ea3 ti\u1ec1n.<\/p>\n\n\n\n<p style=\"text-align: justify;\">ECS h\u1ed7 tr\u1ee3 nhi\u1ec1u ph\u01b0\u01a1ng th\u1ee9c thanh to\u00e1n cho t\u00e0i nguy\u00ean:<\/p>\n\n\n\n<ul class=\"wp-block-list\" style=\"text-align: justify;\">\n<li>\u0110\u0103ng k\u00fd: Phi\u00ean b\u1ea3n \u0111\u0103ng k\u00fd l\u00e0 t\u00e0i nguy\u00ean m\u00e0 b\u1ea1n b\u1ea3o \u0111\u1ea3m trong m\u1ed9t kho\u1ea3ng th\u1eddi gian d\u00e0i \u0111\u1ec3 thanh to\u00e1n tr\u01b0\u1edbc.<\/li>\n\n\n\n<li>Thanh to\u00e1n theo m\u1ee9c s\u1eed d\u1ee5ng: Phi\u00ean b\u1ea3n thanh to\u00e1n theo m\u1ee9c s\u1eed d\u1ee5ng cho ph\u00e9p b\u1ea1n ch\u1ec9 thanh to\u00e1n cho c\u00e1c t\u00e0i nguy\u00ean b\u1ea1n s\u1eed d\u1ee5ng m\u00e0 kh\u00f4ng c\u1ea7n cam k\u1ebft tr\u01b0\u1edbc ho\u1eb7c thanh to\u00e1n tr\u01b0\u1edbc.<\/li>\n\n\n\n<li>Phi\u00ean b\u1ea3n \u01b0u ti\u00ean: Phi\u00ean b\u1ea3n \u01b0u ti\u00ean l\u00e0 dung l\u01b0\u1ee3ng ECS ch\u01b0a s\u1eed d\u1ee5ng trong Alibaba Cloud. B\u1ea1n c\u00f3 th\u1ec3 mua c\u00e1c phi\u00ean b\u1ea3n \u01b0u ti\u00ean v\u1edbi m\u1ee9c chi\u1ebft kh\u1ea5u cao, nh\u01b0ng nh\u1eefng phi\u00ean b\u1ea3n n\u00e0y c\u00f3 th\u1ec3 \u0111\u01b0\u1ee3c Alibaba Cloud thu h\u1ed3i v\u1edbi m\u1ed9t th\u00f4ng b\u00e1o ng\u1eafn.<\/li>\n\n\n\n<li>Phi\u00ean b\u1ea3n d\u1ef1 tr\u1eef: Phi\u00ean b\u1ea3n d\u1ef1 tr\u1eef l\u00e0 chi\u1ebft kh\u1ea5u t\u00ednh ph\u00ed \u00e1p d\u1ee5ng cho vi\u1ec7c s\u1eed d\u1ee5ng phi\u00ean b\u1ea3n thanh to\u00e1n theo m\u1ee9c s\u1eed d\u1ee5ng trong t\u00e0i kho\u1ea3n c\u1ee7a b\u1ea1n v\u00e0 gi\u00fap ti\u1ebft ki\u1ec7m \u0111\u00e1ng k\u1ec3 so v\u1edbi m\u1ee9c gi\u00e1 thanh to\u00e1n theo m\u1ee9c s\u1eed d\u1ee5ng. Phi\u00ean b\u1ea3n thanh to\u00e1n theo m\u1ee9c s\u1eed d\u1ee5ng ph\u1ea3i kh\u1edbp v\u1edbi c\u00e1c thu\u1ed9c t\u00ednh (bao g\u1ed3m lo\u1ea1i phi\u00ean b\u1ea3n, khu v\u1ef1c v\u00e0 v\u00f9ng) c\u1ee7a phi\u00ean b\u1ea3n d\u1ef1 tr\u1eef \u0111\u1ec3 \u0111\u01b0\u1ee3c h\u01b0\u1edfng chi\u1ebft kh\u1ea5u thanh to\u00e1n.<\/li>\n\n\n\n<li>K\u1ebf ho\u1ea1ch ti\u1ebft ki\u1ec7m: K\u1ebf ho\u1ea1ch ti\u1ebft ki\u1ec7m l\u00e0 m\u1ed9t m\u00f4 h\u00ecnh \u0111\u1ecbnh gi\u00e1 linh ho\u1ea1t cung c\u1ea5p m\u1ee9c gi\u00e1 th\u1ea5p h\u01a1n cho c\u00e1c phi\u00ean b\u1ea3n thanh to\u00e1n theo m\u1ee9c s\u1eed d\u1ee5ng. C\u00e1c k\u1ebf ho\u1ea1ch ti\u1ebft ki\u1ec7m c\u00f3 th\u1ec3 \u0111\u01b0\u1ee3c \u00e1p d\u1ee5ng cho c\u00e1c t\u00e0i nguy\u00ean ECS nh\u01b0 t\u00e0i nguy\u00ean \u0111i\u1ec7n to\u00e1n v\u00e0 \u1ed5 \u0111\u0129a, \u0111\u1ed3ng th\u1eddi cung c\u1ea5p kho\u1ea3n ti\u1ebft ki\u1ec7m theo m\u1ee9c s\u1eed d\u1ee5ng cho c\u00e1c t\u00e0i nguy\u00ean n\u00e0y \u0111\u1ec3 \u0111\u1ed5i l\u1ea5y cam k\u1ebft s\u1eed d\u1ee5ng m\u1ed9t s\u1ed1 ti\u1ec1n c\u1ee5 th\u1ec3 (t\u00ednh b\u1eb1ng USD \/ gi\u1edd) trong m\u1ed9t khung th\u1eddi gian c\u1ee5 th\u1ec3.<\/li>\n\n\n\n<li>\u0110\u01a1n v\u1ecb dung l\u01b0\u1ee3ng l\u01b0u tr\u1eef (SCU): SCU l\u00e0 c\u00e1c g\u00f3i t\u00e0i nguy\u00ean cung c\u1ea5p gi\u00e1 th\u1ea5p h\u01a1n cho c\u00e1c t\u00e0i nguy\u00ean l\u01b0u tr\u1eef tr\u1ea3 theo m\u1ee9c s\u1eed d\u1ee5ng. Khi b\u1ea1n mua SCU, b\u1ea1n cam k\u1ebft s\u1eed d\u1ee5ng t\u00e0i nguy\u00ean l\u01b0u tr\u1eef thu\u1ed9c m\u1ed9t lo\u1ea1i v\u00e0 dung l\u01b0\u1ee3ng c\u1ee5 th\u1ec3 \u0111\u1ec3 \u0111\u1ed5i l\u1ea5y m\u1ee9c gi\u00e1 th\u1ea5p h\u01a1n. SCU c\u00f3 th\u1ec3 \u0111\u01b0\u1ee3c \u00e1p d\u1ee5ng cho c\u00e1c thi\u1ebft b\u1ecb EBS, h\u1ec7 th\u1ed1ng t\u1ec7p NAS L\u01b0u tr\u1eef t\u1ec7p Apsara v\u00e0 v\u00f9ng l\u01b0u tr\u1eef D\u1ecbch v\u1ee5 l\u01b0u tr\u1eef \u0111\u1ed1i t\u01b0\u1ee3ng (OSS).<\/li>\n<\/ul>\n\n\n\n<p style=\"text-align: justify;\">\u0110\u1ec3 bi\u1ebft th\u00eam th\u00f4ng tin v\u1ec1 c\u00e1ch t\u00ednh ph\u00ed t\u00e0i nguy\u00ean ECS, h\u00e3y xem <a href=\"https:\/\/www.alibabacloud.com\/help\/en\/elastic-compute-service\/latest\/billing-overview#concept-isb-scd-5db\">T\u1ed5ng quan v\u1ec1 thanh to\u00e1n<\/a> v\u00e0 tab Gi\u00e1 c\u1ee7a <a href=\"https:\/\/www.alibabacloud.com\/product\/ecs\" target=\"_blank\" rel=\"noreferrer noopener\">trang s\u1ea3n ph\u1ea9m Elastic Compute Service<\/a>.<\/p>\n\n\n\n<p style=\"text-align: justify;\"><strong>Truy c\u1eadp ECS<\/strong><\/p>\n\n\n\n<p style=\"text-align: justify;\">Sau khi t\u1ea1o t\u00e0i kho\u1ea3n Alibaba Cloud, b\u1ea1n c\u00f3 th\u1ec3 \u0111\u0103ng nh\u1eadp v\u00e0o Alibaba Cloud v\u00e0 b\u1eaft \u0111\u1ea7u s\u1eed d\u1ee5ng ECS. \u0110\u1ec3 ph\u1ee5c v\u1ee5 cho m\u1ed9t lo\u1ea1t c\u00e1c s\u1edf th\u00edch, Alibaba Cloud cung c\u1ea5p m\u1ed9t lo\u1ea1t c\u00e1c t\u00f9y ch\u1ecdn m\u00e0 b\u1ea1n c\u00f3 th\u1ec3 s\u1eed d\u1ee5ng \u0111\u1ec3 truy c\u1eadp ECS:<\/p>\n\n\n\n<ul class=\"wp-block-list\" style=\"text-align: justify;\">\n<li>B\u1ea3ng \u0111i\u1ec1u khi\u1ec3n ECS: giao di\u1ec7n ng\u01b0\u1eddi d\u00f9ng d\u1ef1a tr\u00ean web \u0111\u01b0\u1ee3c cung c\u1ea5p b\u1edfi Alibaba Cloud. \u0110\u1ec3 bi\u1ebft th\u00f4ng tin v\u1ec1 c\u00e1c thao t\u00e1c m\u00e0 b\u1ea1n c\u00f3 th\u1ec3 th\u1ef1c hi\u1ec7n trong b\u1ea3ng \u0111i\u1ec1u khi\u1ec3n ECS, h\u00e3y xem <a href=\"https:\/\/www.alibabacloud.com\/help\/en\/elastic-compute-service\/latest\/quick-reference#concept-q3w-45w-wdb\">Tham chi\u1ebfu nhanh<\/a>.<\/li>\n\n\n\n<li>API ECS: API Cu\u1ed9c g\u1ecdi th\u1ee7 t\u1ee5c t\u1eeb xa (RPC) h\u1ed7 tr\u1ee3 c\u00e1c y\u00eau c\u1ea7u GET v\u00e0 POST. \u0110\u1ec3 bi\u1ebft th\u00eam th\u00f4ng tin, h\u00e3y xem <a href=\"https:\/\/www.alibabacloud.com\/help\/en\/elastic-compute-service\/latest\/introduction#EcsApiWelcome\">T\u00e0i li\u1ec7u tham kh\u1ea3o API<\/a>. B\u1ea1n c\u00f3 th\u1ec3 s\u1eed d\u1ee5ng c\u00e1c c\u00f4ng c\u1ee5 ho\u1eb7c d\u1ecbch v\u1ee5 d\u00e0nh cho nh\u00e0 ph\u00e1t tri\u1ec3n sau \u0111\u1ec3 g\u1ecdi c\u00e1c ho\u1ea1t \u0111\u1ed9ng API ECS:<\/li>\n<\/ul>\n\n\n\n<ul class=\"wp-block-list\" style=\"text-align: justify;\">\n<li><a href=\"https:\/\/www.alibabacloud.com\/help\/en\/alibaba-cloud-cli\/latest\/what-is-alibaba-cloud-cli#concept-rc3-qrc-bhb\">Alibaba Cloud CLI<\/a><\/li>\n\n\n\n<li><a href=\"https:\/\/api.alibabacloud.com\/#\/?product=Ecs\" target=\"_blank\" rel=\"noreferrer noopener\">OpenAPI Explorer<\/a>: m\u1ed9t d\u1ecbch v\u1ee5 Alibaba Cloud h\u1ed7 tr\u1ee3 tra c\u1ee9u API, \u0111\u01a1n gi\u1ea3n h\u00f3a vi\u1ec7c t\u1ea1o y\u00eau c\u1ea7u v\u00e0 t\u1ef1 \u0111\u1ed9ng t\u1ea1o m\u00e3 m\u1eabu \u0111\u1ec3 s\u1eed d\u1ee5ng v\u1edbi SDK.<\/li>\n\n\n\n<li><a href=\"https:\/\/open.alibabacloud.com\/sdk\" target=\"_blank\" rel=\"noreferrer noopener\">Alibaba Cloud SDK<\/a>: Alibaba Cloud SDK c\u00f3 s\u1eb5n trong h\u1ea7u h\u1ebft c\u00e1c ng\u00f4n ng\u1eef l\u1eadp tr\u00ecnh ch\u00ednh, bao g\u1ed3m Java, Python v\u00e0 PHP.<\/li>\n<\/ul>\n\n\n\n<ul class=\"wp-block-list\" style=\"text-align: justify;\">\n<li><a href=\"https:\/\/www.alibabacloud.com\/help\/en\/resource-orchestration-service\/latest\/what-is-ros#concept-28852-zh\">D\u1ecbch v\u1ee5 \u0111i\u1ec1u ph\u1ed1i t\u00e0i nguy\u00ean (ROS): <\/a>m\u1ed9t d\u1ecbch v\u1ee5 Alibaba Cloud m\u00e0 b\u1ea1n c\u00f3 th\u1ec3 s\u1eed d\u1ee5ng \u0111\u1ec3 t\u1ea1o v\u00e0 \u0111\u1ecbnh c\u1ea5u h\u00ecnh t\u00e0i nguy\u00ean Alibaba Cloud d\u1ef1a tr\u00ean c\u00e1c m\u1eabu do ng\u01b0\u1eddi d\u00f9ng x\u00e1c \u0111\u1ecbnh.<\/li>\n\n\n\n<li><a href=\"https:\/\/www.alibabacloud.com\/help\/en\/elastic-compute-service\/latest\/oos-overview#concept-1181174\">D\u1ecbch v\u1ee5 \u0111i\u1ec1u ph\u1ed1i ho\u1ea1t \u0111\u1ed9ng (OOS): <\/a>m\u1ed9t d\u1ecbch v\u1ee5 Alibaba Cloud m\u00e0 b\u1ea1n c\u00f3 th\u1ec3 s\u1eed d\u1ee5ng \u0111\u1ec3 qu\u1ea3n l\u00fd v\u00e0 th\u1ef1c hi\u1ec7n c\u00e1c t\u00e1c v\u1ee5 O&amp;M. B\u1ea1n c\u00f3 th\u1ec3 x\u00e1c \u0111\u1ecbnh c\u00e1c m\u1ee5c nh\u01b0 t\u00e1c v\u1ee5, b\u01b0\u1edbc t\u00e1c v\u1ee5, \u0111\u1ea7u v\u00e0o v\u00e0 \u0111\u1ea7u ra trong c\u00e1c m\u1eabu th\u1ef1c thi v\u00e0 s\u1eed d\u1ee5ng c\u00e1c m\u1eabu \u0111\u1ec3 t\u1ef1 \u0111\u1ed9ng h\u00f3a c\u00e1c t\u00e1c v\u1ee5 O&amp;M.<\/li>\n\n\n\n<li><a href=\"https:\/\/www.alibabacloud.com\/help\/en\/elastic-compute-service\/latest\/terraform-overview#concept-twc-3dz-dfb\">Terraform<\/a>: m\u1ed9t c\u00f4ng c\u1ee5 m\u00e3 ngu\u1ed3n m\u1edf c\u00f3 th\u1ec3 gi\u00fap b\u1ea1n th\u1ef1c hi\u1ec7n ki\u1ec3m so\u00e1t phi\u00ean b\u1ea3n tr\u00ean c\u00e1c t\u1ec7p c\u1ea5u h\u00ecnh ho\u1eb7c s\u1eed d\u1ee5ng ch\u00fang \u0111\u1ec3 g\u1ecdi t\u00e0i nguy\u00ean t\u00ednh to\u00e1n c\u1ee7a Alibaba Cloud v\u00e0 c\u00e1c n\u1ec1n t\u1ea3ng kh\u00e1c h\u1ed7 tr\u1ee3 Terraform.<\/li>\n\n\n\n<li><a href=\"https:\/\/www.alibabacloud.com\/help\/en\/elastic-compute-service\/latest\/alibaba-cloud-client-overview#concept-2230009\">Alibaba Cloud Client<\/a>: m\u1ed9t \u1ee9ng d\u1ee5ng kh\u00e1ch do Alibaba Cloud cung c\u1ea5p c\u00f3 th\u1ec3 \u0111\u01b0\u1ee3c s\u1eed d\u1ee5ng \u0111\u1ec3 truy v\u1ea5n, xem v\u00e0 k\u1ebft n\u1ed1i v\u1edbi c\u00e1c phi\u00ean b\u1ea3n ECS, phi\u00ean b\u1ea3n b\u1ed9 ch\u1ee9a \u0111\u00e0n h\u1ed3i, m\u00e1y ch\u1ee7 \u1ee9ng d\u1ee5ng \u0111\u01a1n gi\u1ea3n v\u00e0 phi\u00ean b\u1ea3n \u0111\u01b0\u1ee3c qu\u1ea3n l\u00fd.<\/li>\n<\/ul>\n","protected":false},"excerpt":{"rendered":"<p>Elastic Compute Service (ECS) cung c\u1ea5p b\u1ed9 nh\u1edb nhanh v\u00e0 CPU m\u1edbi nh\u1ea5t \u0111\u1ec3 gi\u00fap b\u1ea1n t\u0103ng s\u1ee9c m\u1ea1nh cho c\u00e1c \u1ee9ng d\u1ee5ng \u0111\u00e1m m\u00e2y c\u1ee7a m\u00ecnh v\u00e0 \u0111\u1ea1t \u0111\u01b0\u1ee3c &#8230;<\/p>\n","protected":false},"author":1,"featured_media":0,"parent":0,"menu_order":0,"comment_status":"closed","ping_status":"closed","template":"","meta":{"_regular_price":[],"currency_symbol":[],"footnotes":""},"class_list":["post-402","page","type-page","status-publish","hentry"],"post_slider_layout_featured_media_urls":{"thumbnail":"","post_slider_layout_landscape_large":"","post_slider_layout_portrait_large":"","post_slider_layout_square_large":"","post_slider_layout_landscape":"","post_slider_layout_portrait":"","post_slider_layout_square":"","full":""},"yoast_head":"<!-- This site is optimized with the Yoast SEO plugin v19.11 - https:\/\/yoast.com\/wordpress\/plugins\/seo\/ -->\n<title>Cloud server - LTA Digital<\/title>\n<meta name=\"robots\" content=\"index, follow, max-snippet:-1, max-image-preview:large, max-video-preview:-1\" \/>\n<link rel=\"canonical\" href=\"http:\/\/ltadigital.com\/index.php\/cloud-server\/\" \/>\n<meta property=\"og:locale\" content=\"vi_VN\" \/>\n<meta property=\"og:type\" content=\"article\" \/>\n<meta property=\"og:title\" content=\"Cloud server - LTA Digital\" \/>\n<meta property=\"og:description\" content=\"Elastic Compute Service (ECS) cung c\u1ea5p b\u1ed9 nh\u1edb nhanh v\u00e0 CPU m\u1edbi nh\u1ea5t \u0111\u1ec3 gi\u00fap b\u1ea1n t\u0103ng s\u1ee9c m\u1ea1nh cho c\u00e1c \u1ee9ng d\u1ee5ng \u0111\u00e1m m\u00e2y c\u1ee7a m\u00ecnh v\u00e0 \u0111\u1ea1t \u0111\u01b0\u1ee3c ...\" \/>\n<meta property=\"og:url\" content=\"http:\/\/ltadigital.com\/index.php\/cloud-server\/\" \/>\n<meta property=\"og:site_name\" content=\"LTA Digital\" \/>\n<meta property=\"article:modified_time\" content=\"2023-04-06T07:58:00+00:00\" \/>\n<meta property=\"og:image\" content=\"https:\/\/help-static-aliyun-doc.aliyuncs.com\/assets\/img\/en-US\/4444196261\/p85840.png\" \/>\n<meta name=\"twitter:card\" content=\"summary_large_image\" \/>\n<meta name=\"twitter:label1\" content=\"\u01af\u1edbc t\u00ednh th\u1eddi gian \u0111\u1ecdc\" \/>\n\t<meta name=\"twitter:data1\" content=\"7 ph\u00fat\" \/>\n<script type=\"application\/ld+json\" class=\"yoast-schema-graph\">{\"@context\":\"https:\/\/schema.org\",\"@graph\":[{\"@type\":\"WebPage\",\"@id\":\"http:\/\/ltadigital.com\/index.php\/cloud-server\/\",\"url\":\"http:\/\/ltadigital.com\/index.php\/cloud-server\/\",\"name\":\"Cloud server - LTA Digital\",\"isPartOf\":{\"@id\":\"https:\/\/ltadigital.com\/#website\"},\"datePublished\":\"2023-03-27T09:03:05+00:00\",\"dateModified\":\"2023-04-06T07:58:00+00:00\",\"breadcrumb\":{\"@id\":\"http:\/\/ltadigital.com\/index.php\/cloud-server\/#breadcrumb\"},\"inLanguage\":\"vi\",\"potentialAction\":[{\"@type\":\"ReadAction\",\"target\":[\"http:\/\/ltadigital.com\/index.php\/cloud-server\/\"]}]},{\"@type\":\"BreadcrumbList\",\"@id\":\"http:\/\/ltadigital.com\/index.php\/cloud-server\/#breadcrumb\",\"itemListElement\":[{\"@type\":\"ListItem\",\"position\":1,\"name\":\"Home\",\"item\":\"https:\/\/ltadigital.com\/\"},{\"@type\":\"ListItem\",\"position\":2,\"name\":\"Cloud server\"}]},{\"@type\":\"WebSite\",\"@id\":\"https:\/\/ltadigital.com\/#website\",\"url\":\"https:\/\/ltadigital.com\/\",\"name\":\"LTA Digital\",\"description\":\"\",\"publisher\":{\"@id\":\"https:\/\/ltadigital.com\/#organization\"},\"potentialAction\":[{\"@type\":\"SearchAction\",\"target\":{\"@type\":\"EntryPoint\",\"urlTemplate\":\"https:\/\/ltadigital.com\/?s={search_term_string}\"},\"query-input\":\"required name=search_term_string\"}],\"inLanguage\":\"vi\"},{\"@type\":\"Organization\",\"@id\":\"https:\/\/ltadigital.com\/#organization\",\"name\":\"LTA Digital\",\"url\":\"https:\/\/ltadigital.com\/\",\"logo\":{\"@type\":\"ImageObject\",\"inLanguage\":\"vi\",\"@id\":\"https:\/\/ltadigital.com\/#\/schema\/logo\/image\/\",\"url\":\"https:\/\/ltadigital.com\/wp-content\/uploads\/2022\/12\/cropped-lta-logo.png\",\"contentUrl\":\"https:\/\/ltadigital.com\/wp-content\/uploads\/2022\/12\/cropped-lta-logo.png\",\"width\":412,\"height\":141,\"caption\":\"LTA Digital\"},\"image\":{\"@id\":\"https:\/\/ltadigital.com\/#\/schema\/logo\/image\/\"}}]}<\/script>\n<!-- \/ Yoast SEO plugin. -->","yoast_head_json":{"title":"Cloud server - LTA Digital","robots":{"index":"index","follow":"follow","max-snippet":"max-snippet:-1","max-image-preview":"max-image-preview:large","max-video-preview":"max-video-preview:-1"},"canonical":"http:\/\/ltadigital.com\/index.php\/cloud-server\/","og_locale":"vi_VN","og_type":"article","og_title":"Cloud server - LTA Digital","og_description":"Elastic Compute Service (ECS) cung c\u1ea5p b\u1ed9 nh\u1edb nhanh v\u00e0 CPU m\u1edbi nh\u1ea5t \u0111\u1ec3 gi\u00fap b\u1ea1n t\u0103ng s\u1ee9c m\u1ea1nh cho c\u00e1c \u1ee9ng d\u1ee5ng \u0111\u00e1m m\u00e2y c\u1ee7a m\u00ecnh v\u00e0 \u0111\u1ea1t \u0111\u01b0\u1ee3c ...","og_url":"http:\/\/ltadigital.com\/index.php\/cloud-server\/","og_site_name":"LTA Digital","article_modified_time":"2023-04-06T07:58:00+00:00","og_image":[{"url":"https:\/\/help-static-aliyun-doc.aliyuncs.com\/assets\/img\/en-US\/4444196261\/p85840.png"}],"twitter_card":"summary_large_image","twitter_misc":{"\u01af\u1edbc t\u00ednh th\u1eddi gian \u0111\u1ecdc":"7 ph\u00fat"},"schema":{"@context":"https:\/\/schema.org","@graph":[{"@type":"WebPage","@id":"http:\/\/ltadigital.com\/index.php\/cloud-server\/","url":"http:\/\/ltadigital.com\/index.php\/cloud-server\/","name":"Cloud server - LTA Digital","isPartOf":{"@id":"https:\/\/ltadigital.com\/#website"},"datePublished":"2023-03-27T09:03:05+00:00","dateModified":"2023-04-06T07:58:00+00:00","breadcrumb":{"@id":"http:\/\/ltadigital.com\/index.php\/cloud-server\/#breadcrumb"},"inLanguage":"vi","potentialAction":[{"@type":"ReadAction","target":["http:\/\/ltadigital.com\/index.php\/cloud-server\/"]}]},{"@type":"BreadcrumbList","@id":"http:\/\/ltadigital.com\/index.php\/cloud-server\/#breadcrumb","itemListElement":[{"@type":"ListItem","position":1,"name":"Home","item":"https:\/\/ltadigital.com\/"},{"@type":"ListItem","position":2,"name":"Cloud server"}]},{"@type":"WebSite","@id":"https:\/\/ltadigital.com\/#website","url":"https:\/\/ltadigital.com\/","name":"LTA Digital","description":"","publisher":{"@id":"https:\/\/ltadigital.com\/#organization"},"potentialAction":[{"@type":"SearchAction","target":{"@type":"EntryPoint","urlTemplate":"https:\/\/ltadigital.com\/?s={search_term_string}"},"query-input":"required name=search_term_string"}],"inLanguage":"vi"},{"@type":"Organization","@id":"https:\/\/ltadigital.com\/#organization","name":"LTA Digital","url":"https:\/\/ltadigital.com\/","logo":{"@type":"ImageObject","inLanguage":"vi","@id":"https:\/\/ltadigital.com\/#\/schema\/logo\/image\/","url":"https:\/\/ltadigital.com\/wp-content\/uploads\/2022\/12\/cropped-lta-logo.png","contentUrl":"https:\/\/ltadigital.com\/wp-content\/uploads\/2022\/12\/cropped-lta-logo.png","width":412,"height":141,"caption":"LTA Digital"},"image":{"@id":"https:\/\/ltadigital.com\/#\/schema\/logo\/image\/"}}]}},"_links":{"self":[{"href":"https:\/\/ltadigital.com\/index.php\/wp-json\/wp\/v2\/pages\/402","targetHints":{"allow":["GET"]}}],"collection":[{"href":"https:\/\/ltadigital.com\/index.php\/wp-json\/wp\/v2\/pages"}],"about":[{"href":"https:\/\/ltadigital.com\/index.php\/wp-json\/wp\/v2\/types\/page"}],"author":[{"embeddable":true,"href":"https:\/\/ltadigital.com\/index.php\/wp-json\/wp\/v2\/users\/1"}],"replies":[{"embeddable":true,"href":"https:\/\/ltadigital.com\/index.php\/wp-json\/wp\/v2\/comments?post=402"}],"version-history":[{"count":4,"href":"https:\/\/ltadigital.com\/index.php\/wp-json\/wp\/v2\/pages\/402\/revisions"}],"predecessor-version":[{"id":590,"href":"https:\/\/ltadigital.com\/index.php\/wp-json\/wp\/v2\/pages\/402\/revisions\/590"}],"wp:attachment":[{"href":"https:\/\/ltadigital.com\/index.php\/wp-json\/wp\/v2\/media?parent=402"}],"curies":[{"name":"wp","href":"https:\/\/api.w.org\/{rel}","templated":true}]}}